 What are the prime factors of w?
1979
List the prime factors of 7/1 + (3986 - (6 - 1)).
2, 997
Let d(q) = 133*q**3 - 8*q + 51. List the prime factors of d(5).
2, 4159
Suppose 0 = 19*p - 16*p - 18. Suppose -2*w + 2506 = 4*z, 9*z + 4979 = 4*w + p*z. What are the prime factors of w?
29, 43
Suppose -14 = -7*y + 7. Suppose 0 = -5*o + 15, y*a - 9 - 1704 = 2*o. List the prime factors of a.
3, 191
Let n = 14650 - 8510. List the prime factors of n.
2, 5, 307
Let k(w) = -101*w - 162. Let v be k(-7). Let g = -433 + v. List the prime factors of g.
2, 7
Let n(j) = -j**3 - 2*j**2 + 3*j + 6. Let b be -2*(-4 + (-10)/(-4)). Let f be n(b). List the prime factors of (20/f)/(3/(-441)).
2, 7
Let b be (-12)/(-8)*80/6. What are the prime factors of -138*(-5)/(b/8)?
2, 3, 23
Suppose -20 = 5*t, -4*t = 7*b - 6*b + 1068. Let f = b - -1730. What are the prime factors of f?
2, 3, 113
Let d = -3762 - -15603. List the prime factors of d.
3, 3947
Let i = -59645 - -85688. What are the prime factors of 1 + (-78)/66 - i/(-33)?
3, 263
Suppose -297597 = 44*f - 78*f + 11*f. What are the prime factors of f?
3, 19, 227
Let c = -3166 - -10384. List the prime factors of c.
2, 3, 401
Let q(f) = 18*f**2 + 7*f - 6. Let m be q(7). Suppose a = -4*a - 5*b + m, -5*a + 965 = -3*b. Let p = a + -70. What are the prime factors of p?
2, 3, 5
Let w(b) = b**2 - 97. Let v be w(10). Suppose 5*o - 3055 = v*u, 3*o = -u + 1940 - 121. What are the prime factors of o?
2, 19
Let h = -54 - -109. Suppose -i + 2*i = h. List the prime factors of 3/9*-3 + i.
2, 3
Let j(f) = 22*f**2 - 37*f + 141. What are the prime factors of j(27)?
2, 3, 5, 11, 23
Let a = -4 - -6. Suppose 0 = -23*t + 5 + 110. Suppose 5*v = a*c - 0*c - 122, -t*c + v = -328. List the prime factors of c.
2, 3, 11
Let c(s) = -s**3 - 6*s**2 + 6*s - 1. Let f be c(-7). Suppose -4*n = f - 6. Suppose 5*m - 98 - 322 = n. What are the prime factors of m?
2, 3, 7
Let w = 8083 + -2723. List the prime factors of w.
2, 5, 67
Let v be (-9110)/25 + 2/5. Let o = v - -1084. List the prime factors of o.
2, 3, 5
Let g = 3420 + 5191. What are the prime factors of g?
79, 109
Let q = -66 + 41. Let u = 213 - q. List the prime factors of u.
2, 7, 17
Suppose z + 328 = 4*p - z, 5*p - 388 = -3*z. What are the prime factors of -72*(-43)/10 - 48/p?
3, 103
Let y(b) be the second derivative of 97*b**3/6 + 10*b**2 - b - 139. List the prime factors of y(7).
3, 233
Let y(o) = 502*o**2 + 9*o + 8. Let u be y(-1). Let m = u - -2. What are the prime factors of m?
503
Let g = 3509 + -1281. List the prime factors of g.
2, 557
Let z(b) = 163*b - 947. What are the prime factors of z(12)?
1009
Let g be 5/(10/2)*0/(-2). Suppose g*m - 23130 = -6*m. Suppose -m = -4*v - 11*v. What are the prime factors of v?
257
Suppose -3*b + 53 = -91. List the prime factors of 807 - 8/(-1)*(-6)/b.
2, 13, 31
Let o = 58 - 56. Suppose o*b = 379 + 935. Suppose -b + 129 = -3*y. List the prime factors of y.
2, 11
Suppose 0 = -3*d + 16 - 7. Let t(o) = 10*o**2 + 0*o**2 - d + o**3 - 3*o + 0 - 6. List the prime factors of t(-9).
3, 11
Suppose -4*x = 2*u - 2058, 0 = -u + 4 - 7. Suppose 0*o - x = -12*o. Suppose -3*b = -o - 431. List the prime factors of b.
2, 79
Let y = 5606 - 421. What are the prime factors of y?
5, 17, 61
Suppose -2*w = -8*o + 7*o - 13, 0 = 5*w + 3*o - 16. Suppose -w*q = -11*q + 306. What are the prime factors of q?
3, 17
Suppose -199*h = -1312751 - 3310616. List the prime factors of h.
7, 3319
Suppose 2*a + 2*p - 836 = 0, -4*p + 840 = 5*a - 3*a. List the prime factors of ((-102)/68)/((-2)/a).
2, 3, 13
Let b(q) = q**2 + 5*q + 5. Let p be b(-5). Suppose p*i + 9 = -1. What are the prime factors of 1*37/2 - 1/i?
19
Suppose -9516 = -9*y + 35394. What are the prime factors of y?
2, 5, 499
Suppose 5*k + 5*l = 4*k + 30, -5*l + 60 = 4*k. Let m(y) = y**2 - 10*y + 5. Let o be m(k). List the prime factors of o/15 - 12/9 - -256.
3, 5, 17
Let z(w) = -50*w**3 - 2*w**2 + 44*w + 91. What are the prime factors of z(-5)?
13, 467
What are the prime factors of (-130)/(-10) + (-2 - -19791)?
2, 9901
Let w(i) = -3 - 61*i + 116*i - 4. Let q be w(4). Suppose 0 = -0*o - 3*o + 3*a + q, 0 = -3*o + 4*a + 211. List the prime factors of o.
73
Let y(z) = -209*z + 1540. What are the prime factors of y(-35)?
5, 7, 11, 23
Let q = -4816 + 11118. Suppose q = -23*h + 22011. List the prime factors of h.
683
Let x(j) = 62*j**2 - 217*j - 2616. What are the prime factors of x(-12)?
2, 3, 743
Let s = 168 - 168. Suppose s = -6*d - 351 + 1539. What are the prime factors of d?
2, 3, 11
Let v = -9 - -20. Suppose -4*d = v - 75. Suppose 54 + d = l. List the prime factors of l.
2, 5, 7
Let r(z) = 18*z**2 + 117*z - 44. What are the prime factors of r(17)?
7, 1021
Suppose 8*z - 4*z + 4*g = -20, -5*g = 15. Let n(k) = -51*k**3 + 2*k**2 + 3*k + 13. List the prime factors of n(z).
3, 47
Let b(u) be the first derivative of -2*u**2 - 26*u - 17. Let t be b(-6). List the prime factors of t/4 + 1455/30.
2, 3
Suppose -3764164 = -86*t - 862868. What are the prime factors of t?
2, 4217
Suppose 4*i - 16644 = -1284. What are the prime factors of i?
2, 3, 5
Let j = -39 - -41. Let v(q) = -2*q**2 - 9 + 8 + 4*q**j. List the prime factors of v(5).
7
Let k be (-11714)/(-6) + ((-60)/36)/5. List the prime factors of (-7)/((-56)/k)*5.
2, 5, 61
Let i = 7819 - 4205. List the prime factors of i.
2, 13, 139
Suppose -3*p + 5*y + 5 = 0, -3*p - 6*y + 35 = -5*y. Suppose p*x - 28084 = -4*x. List the prime factors of x.
2, 17, 59
Suppose -2*q = -4*q + 2160. Let y(p) = -41*p - 44. Let o be y(-6). Suppose o = c - 0*m + 2*m, q = 5*c - 4*m. What are the prime factors of c?
2, 53
Let q = 314 - 311. What are the prime factors of 45/27*q + 1434/2?
2, 19
Suppose -4*l + 3*q + 10358 = 0, -6818 + 19781 = 5*l + 4*q. List the prime factors of l.
2591
Let y(m) = m**2 - 17*m + 40. Let x be y(15). What are the prime factors of ((-648)/x)/(-4 + (-348)/(-90))?
2, 3
Let c = 4560 + -709. List the prime factors of c.
3851
Let p = -1434 - -3068. List the prime factors of p.
2, 19, 43
Suppose -4*c - 4*b + 84 = 0, 0 = -5*c - 4*b + 150 - 46. List the prime factors of 2 + c/(-12) - (-2542)/6.
2, 53
Suppose 0 = -2*g - 2. Let k(i) = -350*i**3 + 2*i**2 + 3*i + 2. Let h be k(g). Let p = h - 157. List the prime factors of p.
2, 97
Let t be 0/(-4 - (-5)/5). Let v = -217 + 345. List the prime factors of t + (-4 - -1) + v.
5
Let y be 284*(76/(-57) + (-1)/(-3)). Let j = y + 2139. List the prime factors of j.
5, 7, 53
Suppose -z = -3*f - 11602, 7779 - 65845 = -5*z + f. List the prime factors of z.
2, 5807
Let t(f) = 7*f - 33. Let d(h) = -21*h + 100. Let u(q) = 2*d(q) + 7*t(q). Let y(k) = 8*k + 303. Let b be y(-37). List the prime factors of u(b).
2, 3
Let y(k) = -k**3 - k**2 - k - 6. Let r be y(0). Let f = 1989 - 1990. List the prime factors of (-81)/r - f/2.
2, 7
Suppose 26*q - 30216 + 2465 - 8909 = 0. List the prime factors of q.
2, 3, 5, 47
Let u be 24/16*32/36*-909. Let w = u + 2342. What are the prime factors of w?
2, 5, 113
Suppose 2*u + 5*u - 5*u = 0. Let h be (1 + u/(-2))*(-360)/(-10). Let b = h + 31. What are the prime factors of b?
67
Suppose 23083 = -54*v + 23*v + 140604. What are the prime factors of v?
17, 223
Suppose -3*f - 7*y + 24673 = 0, 5*y - 5783 = -3*f + 18882. What are the prime factors of f?
5, 31, 53
Suppose -3*r + q + 115362 = 0, 83*q - 84*q = 5*r - 192254. What are the prime factors of r?
2, 9613
Suppose 6*x + 1400 + 1066 = 0. Let n = x + 1114. List the prime factors of n.
19, 37
Let p(r) = 23*r + 11. Suppose 3*v - 143 = z, 0*z - 192 = -4*v + z. Suppose 9*n - 5 = v. List the prime factors of p(n).
149
Suppose -16*q - 12 = -19*q. Suppose 5*s + d - 219 = 0, 0*s - q*d - 113 = -3*s. List the prime factors of s.
43
Let j(q) = -7 + 214*q - 105*q - 100*q. Let d be j(1). Suppose -267 = -p - d*k - 3*k, 0 = -4*p + 4*k + 996. List the prime factors of p.
2, 3, 7
List the prime factors of 3 + 2*(-1 + -5 - -1799).
37, 97
Let m be (-13 - -19)*4/(-6). List the prime factors of (10 + 7)/(m/(-152)).
2, 17, 19
Suppose -337659 = -612*l + 591*l. List the prime factors of l.
7, 2297
List the prime factors of -1*3 - (-21138 - (4 + -8)).
11, 17, 113
Let h = 510 + -265. What are the prime factors of 60/25*1*h?
2, 3, 7
Suppose -48 = 29*b - 37*b. List the prime factors of (-5 - -4)/((b/(-2774))/3).
19, 73
Let r be